 factors of 96360?
2, 3, 5, 11, 73
What are the prime factors of 8462936?
2, 37, 28591
What are the prime factors of 388224?
2, 3, 337
What are the prime factors of 1701869?
13, 31, 41, 103
List the prime factors of 27223106.
2, 103, 132151
List the prime factors of 3615899.
7, 23, 37, 607
What are the prime factors of 11859427?
11859427
What are the prime factors of 1132199?
1132199
What are the prime factors of 166346?
2, 31, 2683
List the prime factors of 3836918.
2, 1021, 1879
What are the prime factors of 10585085?
5, 7, 193, 1567
List the prime factors of 399482.
2, 199741
What are the prime factors of 545213?
545213
List the prime factors of 628805.
5, 19, 6619
What are the prime factors of 7771911?
3, 7, 370091
List the prime factors of 224424.
2, 3, 1039
What are the prime factors of 49252?
2, 7, 1759
List the prime factors of 580214.
2, 290107
List the prime factors of 587791.
31, 67, 283
What are the prime factors of 912494?
2, 11, 19, 37, 59
List the prime factors of 4790773.
13, 368521
What are the prime factors of 74204?
2, 13, 1427
What are the prime factors of 34387?
137, 251
What are the prime factors of 613231?
613231
List the prime factors of 394212.
2, 3, 7, 13, 19
List the prime factors of 594690.
2, 3, 5, 43, 461
What are the prime factors of 621809?
17, 79, 463
What are the prime factors of 2469442?
2, 1234721
What are the prime factors of 1129787?
1129787
What are the prime factors of 1026637?
631, 1627
What are the prime factors of 9416505?
3, 5, 7, 89681
List the prime factors of 2082017.
7, 43, 6917
What are the prime factors of 2439390?
2, 3, 5, 31, 43, 61
List the prime factors of 4034621.
47, 85843
List the prime factors of 2095467.
3, 11, 63499
What are the prime factors of 13431151?
409, 32839
What are the prime factors of 795617?
17, 2753
What are the prime factors of 1958910?
2, 3, 5, 17, 23, 167
What are the prime factors of 6305691?
3, 7, 17, 1039
List the prime factors of 464705.
5, 92941
What are the prime factors of 64413?
3, 17, 421
What are the prime factors of 1144858?
2, 11, 13, 4003
What are the prime factors of 4156950?
2, 3, 5, 7, 37, 107
What are the prime factors of 3399586?
2, 1699793
What are the prime factors of 7059554?
2, 193, 18289
What are the prime factors of 3886919?
3886919
List the prime factors of 6077300.
2, 5, 60773
List the prime factors of 2980759.
2980759
What are the prime factors of 536258?
2, 73, 3673
What are the prime factors of 299625?
3, 5, 17, 47
List the prime factors of 304153.
304153
What are the prime factors of 1315843?
43, 71, 431
What are the prime factors of 1014149?
1014149
What are the prime factors of 17885060?
2, 5, 37, 24169
List the prime factors of 16039516.
2, 43, 93253
What are the prime factors of 619694?
2, 383, 809
What are the prime factors of 906176?
2, 14159
What are the prime factors of 212475?
3, 5, 2833
List the prime factors of 100528.
2, 61, 103
List the prime factors of 13410778.
2, 6705389
What are the prime factors of 601477?
17, 35381
What are the prime factors of 95719?
13, 37, 199
What are the prime factors of 23120816?
2, 17, 167, 509
List the prime factors of 30479769.
3, 41, 82601
What are the prime factors of 8141592?
2, 3, 31, 353
What are the prime factors of 9307780?
2, 5, 43, 79, 137
What are the prime factors of 3777552?
2, 3, 37, 709
What are the prime factors of 657865?
5, 13, 29, 349
What are the prime factors of 119094?
2, 3, 23, 863
What are the prime factors of 152795?
5, 30559
List the prime factors of 1158278.
2, 11, 17, 19, 163
List the prime factors of 2428213.
2428213
List the prime factors of 125048.
2, 7, 11, 29
List the prime factors of 470523.
3, 156841
What are the prime factors of 2693431?
13, 207187
What are the prime factors of 13948292?
2, 3487073
List the prime factors of 322068.
2, 3, 26839
What are the prime factors of 4968322?
2, 23, 108007
List the prime factors of 8155042.
2, 7, 311, 1873
What are the prime factors of 1932331?
1932331
What are the prime factors of 24034?
2, 61, 197
List the prime factors of 659479.
23, 53, 541
What are the prime factors of 314401?
314401
What are the prime factors of 99161?
17, 19, 307
List the prime factors of 284641.
7, 37, 157
What are the prime factors of 419877?
3, 15551
List the prime factors of 868862.
2, 434431
List the prime factors of 4225651.
4225651
List the prime factors of 554811.
3, 173, 1069
What are the prime factors of 378394?
2, 137, 1381
What are the prime factors of 5860275?
3, 5, 78137
List the prime factors of 481568.
2, 101, 149
List the prime factors of 1110081.
3, 7, 52861
List the prime factors of 434316.
2, 3, 17, 2129
What are the prime factors of 1257016?
2, 157127
What are the prime factors of 5889323?
11, 43, 12451
List the prime factors of 1329330.
2, 3, 5, 73, 607
What are the prime factors of 82907?
11, 7537
What are the prime factors of 641397?
3, 213799
What are the prime factors of 193696?
2, 6053
What are the prime factors of 230602?
2, 115301
What are the prime factors of 40453152?
2, 3, 283, 1489
List the prime factors of 9071905.
5, 1814381
List the prime factors of 11454616.
2, 1431827
What are the prime factors of 2287737?
3, 84731
List the prime factors of 582574.
2, 291287
What are the prime factors of 871354?
2, 11, 39607
What are the prime factors of 745419?
3, 248473
List the prime factors of 837937.
837937
List the prime factors of 143931.
3, 47977
What are the prime factors of 8651563?
71, 121853
List the prime factors of 829595.
5, 13, 12763
What are the prime factors of 8409?
3, 2803
List the prime factors of 84778.
2, 19, 23, 97
List the prime factors of 2149651.
7, 307093
List the prime factors of 256739.
7, 36677
List the prime factors of 2550151.
37, 157, 439
What are the prime factors of 761562?
2, 3, 1567
What are the prime factors of 1453451?
29, 50119
List the prime factors of 2981729.
823, 3623
List the prime factors of 115767.
3, 19, 677
What are the prime factors of 111427?
111427
What are the prime factors of 1184554?
2, 7, 211, 401
What are the prime factors of 3208283?
13, 19, 31, 419
What are the prime factors of 3593788?
2, 11, 81677
List the prime factors of 10671862.
2, 23, 101, 2297
What are the prime factors of 221296?
2, 13831
What are the prime factors of 1756949?
19, 89, 1039
List the prime factors of 642008.
2, 80251
What are the prime factors of 5707977?
3, 11, 172969
What are the prime factors of 13775149?
13775149
List the prime factors of 2929622.
2, 1464811
List the prime factors of 380307.
3, 17, 7457
List the prime factors of 235013.
235013
List the prime factors of 3620861.
1321, 2741
What are the prime factors of 382216?
2, 47777
List the prime factors of 198320.
2, 5, 37, 67
What are the prime factors of 4730426?
2, 2365213
List the prime factors of 2781198.
2, 3, 7, 22073
List the prime factors of 19466079.
3, 6488693
What are the prime factors of 442251?
3, 49139
List the prime factors of 117193.
117193
List the prime factors of 24000.
2, 3, 5
What are the prime factors of 1430896?
2, 89431
List the prime factors of 804515.
5, 160903
List the prime factors of 3910156.
2, 977539
What are the prime factors of 17831564?
2, 73, 79, 773
List the prime factors of 6592166.
2, 7, 137, 491
List the prime factors of 2619508.
2, 654877
What are the prime factors of 336246?
2, 3, 56041
List the prime factors of 750315.
3, 5, 50021
List the prime factors of 865508.
2, 7, 30911
What are the prime factors of 12842780?
2, 5, 433, 1483
List the prime factors of 97934.
2, 23, 2129
What are the prime factors of 1132695?
3, 5, 25171
List the prime factors of 652010.
2, 5, 113, 577
List the prime factors of 10057660.
2, 5, 502883
What are the prime factors of 7491573?
3, 443, 1879
What are the prime factors of 296839?
101, 2939
What are the prime factors of 36241459?
36241459
What are the prime factors of 532080?
2, 3, 5, 739
What are the prime factors of 7750543?
509, 15227
List the prime factors of 2819795.
5, 11, 167, 307
What are the prime factors of 1442?
2, 7, 103
List the prime factors of 328563.
3, 43, 283
List the prime factors of 2574548.
2, 17, 37861
What are the prime factors of 4250654?
2, 2125327
List the prime factors of 19384716.
2, 3, 13, 313, 397
What are the prime factors of 14998